(t) + o(t). Give q(-2).
9
Let s(t) = -9*t**3 + 1. Let b(y) = -y**3 - 11*y**2 - y. Let h be b(-11). Suppose -3*u = -a - 3 + h, -5*a = 20. Let d = -3 - u. Calculate s(d).
-8
Let v(j) = -j**2 + j + 1. Let u(a) = -6*a**2 + 10*a + 19. Let t(k) = u(k) - 4*v(k). Let p(l) = 3*l**2 - 9*l - 23. Let o(g) = 5*p(g) + 8*t(g). What is o(5)?
-5
Let r = -3 - -3. Suppose 0*s - s - 5 = r. Let t(y) be the second derivative of y**4/12 + 5*y**3/6 - 15*y. Determine t(s).
0
Let r be (0 - 4/6)*-6. Let k = 9 - r. Suppose 0 = -k*q + 13 + 7. Let h(f) = f - 9. Give h(q).
-5
Let k(o) = -o**2 + 6*o + 1. Let d be k(6). Let u(l) = -6 + d - 2*l + 4. Calculate u(-2).
3
Let v(y) be the second derivative of -y**5/20 + 2*y**4/3 - 4*y**3/3 + 3*y**2 + 5*y. What is v(7)?
-1
Let h(p) = p + 9. Let w be h(-5). Suppose 16 = 3*o - 2*t, 3*o + o - 2*t - 18 = 0. Let l(g) = 0 + 2*g + o*g - g**2 + 4 + g. Give l(w).
8
Let i = 11 - 6. Suppose 27 - i = 5*x - 2*f, 2*x - 5*f = -8. Let v(z) = 2*z + 3 - 6 - z - x. Calculate v(5).
-4
Let d = 2 - 1. Suppose v - 1 = d. Let i(m) = 3*m**2 - 3*m**2 - m + v*m**2. Determine i(2).
6
Let s(v) = -3*v - 66. Let a(t) = 2. Let l(u) = -66*a(u) - 2*s(u). What is l(1)?
6
Let p(d) be the third derivative of -d**5/60 - d**4/24 - 6*d**2. Let v be p(-2). Let y(f) = -f**2 + 2*f + 1. Give y(v).
-7
Let x = -5 - -6. Let u be 1/(-1) - (x - -1). Let t = u - 2. Let g(h) = h**2 + 4*h - 2. Calculate g(t).
3
Let f(q) = q**2 + 6*q + 4. Suppose -4*h + h = -6. Let r = h + -6. Determine f(r).
-4
Let u be (-3)/(-3)*-1*15. Let l = -9 - u. Let k(d) = -5*d**2 + l*d - 5 + d**3 + 10*d - 16*d. Give k(5).
-5
Suppose -5*p = -2*r + 13, 4*p - 7*p - 8 = -r. Let z(f) = -f**3 - 3*f**2 - 2*f + 3. What is z(p)?
9
Suppose u + 8 = -g, 5*u + 12 + 18 = -3*g. Suppose 0*s + 9 = 3*s. Let x(o) = -2*o + o - 2 + s*o. What is x(u)?
-8
Suppose -6*f - 30 = -f. Let l be (-15)/(-5)*4/f. Let m be (l/4)/(1/(-2)). Let p(g) = g + 1. Give p(m).
2
Let h = -8 - -1. Let f = h + 8. Let d(g) be the first derivative of g**4/4 - g**3 + g**2/2 - 1. Give d(f).
-1
Suppose -z + 2 = -0*z. Let h(q) = 2 + 3*q**2 - q**3 + 0 + 2*q**z. Let i be -1*(-1 - -21)/(-4). Give h(i).
2
Let a be ((-4)/8)/(2 + 3/(-2)). Let h(p) = 2 + 4 - p**2 - 5. What is h(a)?
0
Let y be (0 + -1)/(-1)*-3. Let f be (-38)/(-8) + y/(-12). Let p(t) = 4*t - 5 - 2*t + 1. Give p(f).
6
Let j = 18 + -10. Let p be -3 - (-1 - j/2). Suppose p*s = 3 + 7. Let b(c) = -c**3 + 4*c**2 + 6*c + 2. Give b(s).
7
Let n be (1 - 2) + (-6)/(-6). Let v(p) be the second derivative of -p**6/360 - p**4/6 - p**3/6 + 2*p. Let x(d) be the second derivative of v(d). Calculate x(n).
-4
Let m(v) be the first derivative of 1 - 4*v + 1/2*v**2. Give m(4).
0
Suppose -7*u + 40 = 5. Let k(g) = -g + 3 + 2*g - 5*g**2 + g**3 - 9. Give k(u).
-1
Let z(r) be the first derivative of r**4/12 + 2*r**3/3 - 4*r**2 + 7*r + 2. Let h(k) be the first derivative of z(k). Determine h(-6).
4
Let v(p) = p**2 - 8*p - 10. Let h(n) = 2*n**2 - 17*n - 21. Let k(z) = -3*h(z) + 7*v(z). Calculate k(5).
-7
Suppose -1 = -0*w - w + 4*l, 0 = 2*w - 3*l - 2. Let r(o) = 2*o**2 + 1. Give r(w).
3
Let t(z) = -3*z - 4. Let o be t(-3). Suppose -3*i + 13 = -4*d - 11, -5*d - 35 = -o*i. Let y(c) = 7*c + c**2 - 65576 + 65571 - 3*c**2. What is y(i)?
-9
Let b(y) be the second derivative of 0 - 1/60*y**5 + y**2 - 1/4*y**4 - y**3 + 2*y. Let a(l) be the first derivative of b(l). What is a(-5)?
-1
Let s(c) = -c + 3. Suppose 3*r = 3*p - 21, p + 18 = r - 5*r. Give s(p).
1
Let y be 8/(-6)*(6 - 3). Let m = y + 6. Let l(v) be the second derivative of v**4/12 + v**3/3 - v**2 + 10*v. Determine l(m).
6
Let k(z) be the third derivative of z**5/60 - z**4/6 + z**3/6 + 10*z**2. What is k(5)?
6
Let j(m) = 2*m**2 + 2*m + 1. Let d = 14 + -17. Give j(d).
13
Let t be (6/(-9))/(2/18). Let h = 3 + t. Let g be (-1)/4 - h/12. Let b(s) = s - 2. Give b(g).
-2
Let u(h) = h**3 + 4*h**2 + 2*h + 3. Suppose -7*x - 15 = -2*x. Determine u(x).
6
Let a(r) = 9*r**2. Let b = -7 + 11. Suppose 0 = o + 4*x + 9 + 10, 5*o - b*x - 25 = 0. Determine a(o).
9
Let x(z) = -z**3 + 4*z**2 + 4*z - 1. Let w be x(5). Let l be (-1)/5 + w/(-5). Let c(t) = 35*t - 57*t + 27*t. Calculate c(l).
5
Let j = -12 - -17. Suppose 4*b = -4*f + 30 + 2, 0 = -j*f + 25. Let u(v) = -v**3 + 3*v**2 - v - 2. Determine u(b).
-5
Let t(z) = 5*z + 4. Let l be t(-2). Let c(r) = -r**2 - 8*r - 9. Determine c(l).
3
Let j = 2 + -2. Let b(g) be the third derivative of g**4/24 - g**3/3 + 6*g**2. Give b(j).
-2
Let b(j) = 4*j**2 - 5 - 5*j**3 - 6*j**3 + 12*j**3 - j. Calculate b(-4).
-1
Let d(r) be the third derivative of r**9/60480 + r**8/5040 - r**7/5040 - r**5/30 + 2*r**2. Let c(o) be the third derivative of d(o). Determine c(-4).
4
Suppose 5 = 2*u - 3*u. Let m = -3 - u. Let t(x) = -x**2 + m + x - 5*x + 0*x**2. Determine t(-4).
2
Let x be 1 - (-6 - 1 - -1). Suppose 2*v + 14 = 2*p, -4*p + x*p = -4*v + 7. Let a(m) = 3*m**2 + m - 2*m + 3*m - 2. What is a(v)?
6
Let g(y) = -y**3 - 3*y**2 - y - 1. Let t be g(-3). Let h(l) = -2*l + 2*l**2 + 2*l**2 - l**3 - 3*l + t*l**2 + 3. Calculate h(5).
3
Let p(h) be the second derivative of -h**4/12 + h**3/3 + 3*h. Determine p(-2).
-8
Let k = -23 - -25. Suppose j - 2*b = -b, 0 = -j + k*b + 4. Let i(p) = 3*p - 5 + 0*p - 5*p. Determine i(j).
3
Let k be ((-36)/(-24))/(6/(-8)). Let q(n) = n**3 + 5*n**2 - 1. What is q(k)?
11
Suppose 0 = 2*y + 3*u - 4, 7*u - 2*u = -20. Let z(x) = 3*x + 14. Let a(t) = -t - 5. Let l(h) = y*a(h) + 3*z(h). Give l(5).
7
Let u(o) be the first derivative of -o**4/4 + o**3/3 - 2. Let f(c) = 3*c**3 - 2*c**2 + 4*c - 2. Let g(a) = f(a) + 4*u(a). Give g(3).
1
Suppose 0 = 3*k + 2*q + 2*q + 19, 0 = k + 2*q + 9. Let m(j) be the first derivative of -2*j**3/3 + j**2/2 + 1. What is m(k)?
-3
Suppose 0 = -7*a - 25 - 3. Let s(m) be the first derivative of -m**3/3 - m**2 + 4*m + 1. Calculate s(a).
-4
Suppose 57*m - 55*m = 0. Let g(d) be the third derivative of -d**2 + 11/6*d**3 - 1/60*d**5 + m*d**4 + 0 + 0*d + 1/120*d**6. What is g(0)?
11
Let n(i) = -3*i + 10. Let w be (6/(-4))/(1/2). Let m(h) = 2*h - 5. Let b(z) = w*n(z) - 5*m(z). What is b(4)?
-9
Let a(u) = -u**3 + 2*u**2 + 5*u - 2. Let h = -6 - -7. Suppose -h = -p + 2. Give a(p).
4
Let m(p) = -p + 4. Let h(a) = a - 5. Let f be h(8). Let j be m(f). Let n(q) = -7*q - 2*q + 0*q + j. Give n(1).
-8
Let k be 66/(-9) + (-2)/(-6). Let c(w) = w**2 + 7*w + 2. Calculate c(k).
2
Let t(y) be the first derivative of -1/3*y**3 - 3 - 7*y + 5/2*y**2. Give t(6).
-13
Let q(d) = d + 4. Let w be 2/(-8) - 26/(-8). Suppose -2*n + 14 = -3*r, n - 16 = 3*r - w*n. Give q(r).
0
Let r(x) = x - 9. Let y be r(17). Suppose y + 10 = -3*l. Let b(s) = s**2 + 4*s - 6. Calculate b(l).
6
Let y(d) be the second derivative of d**5/20 - d**4/2 + d**3/3 - 4*d**2 + 8*d. Calculate y(6).
4
Let f(d) be the second derivative of 0 + 2*d - 3/2*d**2 + 1/6*d**3 - 1/3*d**4 + 1/20*d**5. Suppose -2 - 6 = -2*o. Calculate f(o).
1
Suppose -r - 1 = -3. Let q(p) = -5*p**2 - 3*p - 4*p**3 - r*p**2 + 3*p**3 - 3 + p**2. What is q(-5)?
-13
Let x(b) = 3*b**3 + 6*b**2 - 6*b - 4. Let t(s) = -2*s**3 - 5*s**2 + 5*s + 3. Let i(m) = -5*t(m) - 4*x(m). What is i(1)?
-1
Let k(f) = -2*f. Let n(w) = w + 19. Let q be n(-15). Determine k(q).
-8
Let r(m) = -m**3 - 5*m**2 - m - 7. Let i be 17/68 + (-42)/8. Determine r(i).
-2
Let o(t) = -37*t - 32*t - 2 + 76*t - t**3 + 2*t**2 + 2*t**2. Calculate o(5).
8
Let l(j) = 4*j - 6 + 13 - 8. Determine l(-2).
-9
Suppose 0 = 4*r - 0 - 8. Let o(x) be the first derivative of -x + 1/3*x**3 - x**r - 3. What is o(4)?
7
Let i(d) be the first derivative of d**2 + 3*d - 1. Let l(k) = 1. Let x(c) = -i(c) + l(c). Let p(h) = -2*h - 31. Let s be p(-14). Calculate x(s).
4
Suppose 3*f - 4*o + 5 = 0, 0*f + 15 = 4*f - o. Let i(a) be the third derivative of a**6/120 - a**5/15 - 7*a**4/24 + 5*a**3/6 + 3*a**2. Give i(f).
-5
Let n(w) = 4*w**3 - w**2. Suppose 24*k - 4 = 20*k. What is n(k)?
3
Suppose -2*y = 7 + 3, -4*y - 29 = -3*i. Suppose 3*l + 0*n + 5*n = -16, 0 = 5*n + 25. Let a(u) = -i*u - 8 + 5 - l + 4*u. Give a(0).
-6
Let v(z) = 5 + z + 1 + 0*z. Let n(c) = -c**2 - 12*c + 7. Let l be n(-13). Calculate v(l).
0
Let v = -69 - -71. Let k(c) be the second derivative of -1/6*c**3 + 0 - 2*c - 3*c**v. Give k(0).
-6
Let w(z) = -z**3 - 4*z**2 + z - 3. Let m be w(-5). Suppose -2*d = -5*y + m, -4*d = 4*y - 2*d